be -100*(-2 - (0 + -1)). Suppose 2*h = 12*h + f. Is c(h) prime?
False
Let y = -66 - -116. Let o be 6/(-1*(-4)/y). Suppose -g + o = 5*x, -2*g + 6*g = -2*x + 228. Is g a composite number?
True
Suppose 345593 = 15*x + 26828. Is x composite?
True
Suppose 3*q = -5*v + 15, -9*q + 10*q + 5 = -5*v. Suppose 0 = -q*t - 4058 + 36128. Is t composite?
True
Let u = 250 - 245. Suppose -5*c + u*a = -17995, 2*c + 5*a + 1883 = 9081. Is c a composite number?
True
Let g be ((-2138)/(-6))/(2/18). Let j = -2234 + g. Is j prime?
False
Let d = 11 - 3. Suppose -10 = -6*z + d. Suppose -2*o + 446 = -z*k, 5*o = -3*k - 747 + 1862. Is o prime?
True
Suppose 0 = 11*a - 45 + 1. Suppose -2*h + h = -a. Suppose 2774 = h*c - 3*k + 459, -4*k = -2*c + 1150. Is c prime?
False
Let s(x) = -9*x + 1864. Let k be s(0). Suppose 373 = -7*j + k. Is j composite?
True
Is (-36105662)/(-988)*(21 + 5) composite?
False
Let b(z) = 23*z**2 + 35*z + 15. Is b(67) composite?
False
Let d(h) = h**3 + 6*h**2 - 17*h - 3. Let m be d(-8). Suppose 0 = 2*p - 4*u - 59330 + 9424, m*p - 5*u - 124780 = 0. Is p a prime number?
False
Is (-7)/(-14)*(40358 + (-10 - -6)) prime?
True
Let d(j) = -1010*j**3 - 5*j**2 + 8*j + 6. Let a be d(-3). Is 9/18 + a/6 composite?
True
Let v = 7 + -4. Suppose -4475 = -v*j + 4*g, -j + 4*g + 1373 = -108. Is j composite?
True
Let j(g) be the first derivative of -8*g**3/3 - 49*g**2 - 23*g + 83. Is j(-11) prime?
False
Suppose 0 = 5*j + 4*t - 159, 66 = 2*j + 4*t - 3*t. Let y(q) = -3*q + 180*q**3 - j*q**3 - 2 + 303*q**3 + 6*q. Is y(1) a composite number?
False
Let j(l) = 22592*l + 4. Let c be j(1). Suppose -8*t + t = -c. Let s = 5141 - t. Is s a prime number?
True
Let o be -16*(27/4)/(-3). Suppose -3*r - o = 4*j, -4*j + r - 14 = 22. Let h = j - -12. Is h prime?
True
Let g be (0 - 40820/(-15))*(6 - 3). Suppose 4*v - 2*l = 32638, 0 = v - 11*l + 12*l - g. Is v a prime number?
True
Suppose -154816 = -17*z + 252453. Is z a prime number?
True
Is (-54835)/(-44)*(14 + -10) a prime number?
False
Let t be 249/(12/(-4))*75/(-3). Let w = t + -960. Suppose -4*h + 5*h - w = 0. Is h a composite number?
True
Suppose -56*x = -1663187 - 21849365. Is x a composite number?
True
Let h be (1 + 5/(-5))/((-3)/(-3)). Suppose h = 5*a + 3*a - 336. Suppose 2128 = 10*n - a. Is n a composite number?
True
Let x = 17861 - 9532. Suppose 4*a - l - x = 0, -a - 3*l + 6*l + 2096 = 0. Is a composite?
False
Let m(x) = x**2 + x. Let n(z) = 2*z**2 + 17*z - 29. Let l(s) = 3*m(s) - n(s). Let j be l(12). Suppose 0 = a - 2, g - j*a + 308 = 3*g. Is g composite?
False
Suppose -66*o - 112105 = -101*o. Is o a prime number?
True
Let j(g) = -g**3 + 20*g**2 + 26*g - 20. Let f be j(21). Let z = f - 81. Suppose 8*m - z*m = -b + 2733, -13648 = -5*b - 3*m. Is b a prime number?
True
Let b(l) = 15*l**2 + 9*l + 7. Let o be b(-11). Suppose q - 864 = y, -31*y + 28*y - o = -2*q. Is q a composite number?
True
Let d = -91 + 94. Suppose 3*s = -y + 14535, 5*s + d*y = -0*y + 24229. Is s/(-7)*(-46)/8 composite?
True
Let l = 2396 + 2387. Is l a composite number?
False
Is ((-5840814)/28)/((-3)/2) a prime number?
True
Is 9/(-27)*1388/(-2)*43395/110 a composite number?
True
Let v(r) = 9*r**3 + 3*r - 3. Let k be v(1). Is 30474/24*12/k prime?
True
Let i = -28 - -30. Suppose -i*x + 11350 = -15748. Is x a composite number?
True
Let l(t) = -5 + 17 + 4*t - 9. Let s be 1*3 - (-5 + -5). Is l(s) composite?
True
Let d = 42 + -38. Let o(m) = m**3 - 5*m**2 + 5*m - 2. Let p be o(d). Suppose 619 + 563 = p*b. Is b prime?
False
Let d be 0*(-5)/(-15)*3. Suppose -2*n - n - m - 35 = d, n = -4*m - 30. Is 60/(-18)*5/(n/1371) a prime number?
False
Suppose 2*w - 25 = -5*o - 3*w, 0 = -2*o + w - 5. Suppose o = 13*q + 8 - 47. Suppose 4*f = p - 3683, -q*p + 9326 = -2*f - 1733. Is p a composite number?
True
Suppose 15*i - 64011 = 7644. Let u be (4/(-6))/(2/(-6)). Suppose 4389 = u*l - i. Is l a prime number?
True
Let u(f) = -14*f + 298. Let n be u(20). Suppose n*i - 6572 = 103534. Is i prime?
False
Let o = 183774 - -82971. Suppose -28*q - o = -43*q. Is q a composite number?
False
Let u = -136163 - -56972. Is (-18)/24 + u/(-4) a prime number?
False
Suppose 27*r - 26*r - 44504 - 2891 = 0. Is r prime?
False
Suppose -66*v + 31313939 + 27668450 = 7425631. Is v composite?
False
Suppose 0 = f - 4*q - 97051, -2*f = 4*q - 71464 - 122662. Is f composite?
True
Let i(r) = -126*r - 40. Let d be (2 - 1)*(-16)/16 + -16. Is i(d) a composite number?
True
Let j be (-4)/(-5) - (-1947)/(-15). Suppose 27*l + 1 = -26. Is l*(j - (-2)/1) a prime number?
True
Suppose 0 = -13*k + 11*k + 1860. Suppose 4*c = k + 3234. Let z = 1912 - c. Is z composite?
True
Let u(f) = 3889*f**3 - 60*f**2 + 334*f - 14. Is u(5) composite?
False
Suppose -s + 3*w = 1257, s + w + 1269 = -2*w. Suppose -5*q + 5*v = 13130, 0 = -2*q - 3*v - 2294 - 2958. Let g = s - q. Is g composite?
True
Suppose t + 6 - 130 = -4*a, 120 = t + 2*a. Let g = t - 63. Suppose f = -5*i + g + 228, -i + 5*f + 77 = 0. Is i composite?
True
Let i(s) = 13931*s - 4004. Is i(69) a prime number?
False
Let o(g) = -323523*g - 400. Is o(-1) composite?
False
Let v = -3 - -12. Let i(c) = -v*c**2 - 4*c**3 - c + 5*c**3 + 3 - 5*c. Is i(10) prime?
True
Let a = 245493 + -114891. Is (a/8)/((-39)/(-52)) a prime number?
True
Let u be ((-29)/2 + 4)*(-8)/6. Suppose -2*k = -5*h - u, 3 + 3 = -3*h. Suppose 5*q + 2*a - 256 = 4*q, 2*a = k. Is q prime?
False
Suppose 0 = -z + 2*u + 11, 4*z = 3*z - 3*u - 9. Suppose -28*s + 27*s - 3 = 0, -z*w - 2*s = -7341. Is w a prime number?
False
Let d(k) = -3*k + 53. Let m = -62 + 77. Let b be d(m). Suppose -b*o = -4*o - 7036. Is o prime?
True
Suppose -18*a + 301080 = -10*a - 242000. Is a composite?
True
Suppose 4*d + 3*h - 728680 = 0, d - 111379 = -3*h + 70800. Is d a composite number?
False
Let a = 2577325 + -1723140. Is a composite?
True
Let n be 9/(-18) - (-11)/2. Let d(l) = -2*l + 35*l**2 + n + 3 + 1 - 4. Is d(2) a prime number?
False
Let p(i) = -i**2 + 7*i + 4. Let m be p(5). Suppose 3*t + 6 = -v + 3*v, 5*v - 5*t = 15. Is v*(8/m)/(18/1743) a prime number?
False
Is (13/26)/(4/107546)*(-9 - -13) a composite number?
False
Let k = -70 + 73. Suppose k*m + 8 = 26. Suppose -1646 = -4*z + 3*b, -z - m*b + 2*b + 421 = 0. Is z a composite number?
True
Let r(s) = -3033*s - 499. Is r(-2) a prime number?
False
Let s = -19986 + 38007. Is s composite?
True
Suppose -8654*y + 196772 = -8650*y. Is y composite?
False
Let v(o) = -5*o**3 + 387*o**2 - 100*o - 203. Is v(71) a composite number?
True
Suppose -484510 = -3*x + v, v + 16 = 15. Is x composite?
False
Suppose 16*y = y - 60. Let p be -4 - ((-2)/(y/6))/(-1). Is p + 4 - (22224/(-8))/3 a prime number?
True
Suppose 792*z - 793*z = -128111. Is z a composite number?
False
Suppose 86*c + 441371 = 103*c. Is c a composite number?
True
Let u(r) be the first derivative of -2*r**4 - 13*r**3/3 - 13*r**2/2 + 9*r - 40. Is u(-10) composite?
True
Is -10 + ((-1)/3)/(64/(-9272256)) a prime number?
False
Let x = -42340 + 75717. Is x composite?
False
Suppose -3*s + 4 = -z, z = -4*s + 2*z + 4. Suppose n - 3*n - 960 = s. Let c = -187 - n. Is c prime?
True
Let u(r) = -8 - 8*r**2 - 4 - 11*r + 77*r**2 + 9. Is u(-7) composite?
True
Suppose -99*n - 2968644 = -19*n - 20460884. Is n a prime number?
False
Suppose 4*p + 180 = 8*p. Suppose 3*u - p = 15. Is (119472/u)/6 + 9/(-15) a composite number?
True
Let w(v) = -v**3 - 4*v**2 + 6*v - 7. Let h be w(-6). Let g = h - -13. Suppose 4*o - g = 554. Is o prime?
True
Is 5*-2326*3478/(-740) composite?
True
Let p(g) be the first derivative of 12*g**2 - 14*g - 25. Let i be p(4). Suppose -14*a = -15*a + i. Is a a composite number?
True
Suppose -26842157 = -66*v + 810589. Is v composite?
False
Suppose 3*x = -12, -y - 3*x + 76 = y. Let h(v) = 6*v**2 + 22 - 4*v - 27 - y. Is h(-15) a composite number?
False
Let c be 54/189 - 52/(-14). Suppose c*k + 7123 = 55407. Is k a prime number?
True
Is 26387095/525 + 4/(-30) prime?
True
Is (-1835600)/(-15) - 12/(-18) - -3 composite?
True
Let m(s) = s**3 - 7*s**2 - 7*s. Let j be m(8). Let y be (1068/5)/(j/580). Suppose -5*b - 5*t + t + 25811 = 0, -3*b = 3*t - y. Is b composite?
True
Suppose -12 - 18 = -5*a. Suppose -2*n = -a*i + 4*i - 8802, i = -2*n + 8817. Suppose 0 = 13*d - 11*d - n. Is d a composite number?
False
Let x(o) = 2*o - 9. Let u be x(7). Suppose -332*a = -343*a 